 (base 13) to base 9
1104
What is -5bab (base 13) in base 9?
-18727
41424 (base 8) to base 16
4314
What is aa9 (base 14) in base 3?
2220010
111020020 (base 3) to base 10
9645
What is 211 (base 12) in base 14?
177
11022000 (base 3) to base 4
300330
Convert -1868 (base 15) to base 2.
-1010010011001
What is -3414 (base 11) in base 4?
-1012030
Convert 163 (base 13) to base 8.
372
What is -439 (base 15) in base 3?
-1022100
What is -10111001 (base 3) in base 13?
-1204
17326 (base 8) to base 7
32005
-5c8 (base 14) to base 13
-6ac
What is -11010101100101 (base 2) in base 4?
-3111211
Convert -114212 (base 5) to base 12.
-25ab
What is 687 (base 13) in base 7?
3165
187 (base 14) to base 16
13b
Convert 4382 (base 10) to base 13.
1cc1
340bb (base 12) to base 15
157c8
-3232 (base 7) to base 12
-7ba
What is 2343124 (base 5) in base 2?
1010101000010011
2113321 (base 4) to base 10
9721
-101002 (base 4) to base 10
-1090
What is -2223012 (base 4) in base 11?
-8255
What is -10000000100111110 (base 2) in base 14?
-19ddc
Convert 100120101 (base 3) to base 13.
3238
What is 1010011011 (base 2) in base 9?
821
Convert -3438 (base 10) to base 7.
-13011
What is -10256 (base 8) in base 13?
-1c36
11011111211 (base 3) to base 6
1431421
Convert 120a (base 11) to base 9.
2148
Convert 81a (base 15) to base 5.
24300
-1962 (base 12) to base 4
-300122
-348b (base 12) to base 4
-1123223
-2302 (base 10) to base 3
-10011021
129 (base 15) to base 14
14c
Convert -1047 (base 15) to base 5.
-102232
-10100011000 (base 2) to base 7
-3542
Convert -a35 (base 11) to base 8.
-2340
Convert 11101011000100 (base 2) to base 14.
56a8
What is -14106 (base 8) in base 3?
-22112011
34aa (base 16) to base 5
412412
What is 100001101110 (base 2) in base 8?
4156
Convert -995 (base 15) to base 4.
-201311
11100001 (base 2) to base 15
100
What is 110110000 (base 2) in base 10?
432
-111322 (base 5) to base 3
-12102202
6360 (base 13) to base 14
5035
What is 4a6 (base 14) in base 7?
2466
What is -f1d9 (base 16) in base 12?
-2b9b5
-4561 (base 8) to base 2
-100101110001
3212010 (base 4) to base 7
60633
-9a14 (base 12) to base 5
-1021013
What is -3543 (base 7) in base 3?
-1210100
5005 (base 7) to base 16
6b8
What is 1360 (base 7) in base 2?
1000010100
106557 (base 8) to base 14
d2a3
-1012032 (base 5) to base 8
-40205
-9435 (base 10) to base 7
-36336
What is 6318 (base 9) in base 10?
4634
dc (base 15) to base 14
10b
689 (base 10) to base 2
1010110001
What is 10846 (base 14) in base 9?
60835
Convert 4023 (base 6) to base 16.
36f
What is -101454 (base 6) in base 8?
-17752
-2584 (base 12) to base 2
-1000010110100
What is -40200 (base 7) in base 3?
-111022100
Convert 6558 (base 10) to base 14.
2566
What is b98d (base 15) in base 4?
21211303
What is -34569 (base 10) in base 12?
-18009
-1342 (base 9) to base 14
-522
Convert 1310221 (base 4) to base 12.
43a1
What is 1210 (base 9) in base 7?
2424
What is -120 (base 11) in base 6?
-355
Convert -5210 (base 14) to base 8.
-33456
-cd0 (base 16) to base 9
-4444
Convert 5743 (base 8) to base 14.
1175
What is -20123 (base 6) in base 2?
-101001010011
What is -1100110011010 (base 2) in base 14?
-2562
-1001000111 (base 2) to base 12
-407
Convert -51302 (base 9) to base 15.
-a01e
What is 610 (base 7) in base 10?
301
What is -397 (base 14) in base 11?
-5a6
What is -2440 (base 6) in base 8?
-1130
Convert -18a (base 16) to base 6.
-1454
What is -504 (base 10) in base 13?
-2ca
What is 17253 (base 9) in base 13?
5535
Convert -12077 (base 8) to base 5.
-131213
1311 (base 6) to base 7
652
What is 21242 (base 5) in base 3?
1222121
-2f16 (base 16) to base 14
-4570
19a (base 13) to base 16
128
156471 (base 8) to base 4
31310321
What is -1036 (base 7) in base 8?
-562
What is 342 (base 7) in base 8?
261
What is 1246 (base 7) in base 16?
1db
-9947 (base 13) to base 6
-242505
-3421 (base 5) to base 14
-26a
Convert -21120111 (base 3) to base 12.
-3241
Convert 2222113 (base 4) to base 7.
43534
-2103 (base 8) to base 3
-1111102
Convert -1057 (base 16) to base 15.
-138d
Convert -100110011101001 (base 2) to base 5.
-1112224
Convert -27c3 (base 14) to base 13.
-327b
4366 (base 9) to base 16
c93
1ac47 (base 13) to base 4
30312022
What is -1120112 (base 3) in base 13?
-6a4
What is b (base 14) in base 4?
23
33223 (base 9) to base 5
1201203
252002 (base 6) to base 7
122333
1b (base 15) to base 14
1c
What is -624 (base 10) in base 3?
-212010
What is 3b3 (base 14) in base 16?
2e9
Convert -621 (base 9) to base 10.
-505
Convert -311d (base 15) to base 16.
-288a
Convert 3752 (base 8) to base 12.
120a
17cb (base 16) to base 7
23521
Convert 242 (base 16) to base 11.
486
What is 103024 (base 8) in base 12?
17a44
What is -55626 (base 11) in base 6?
-1421114
Convert -1300042 (base 5) to base 6.
-311502
-14a47 (base 12) to base 16
-71d7
What is -45055 (base 9) in base 8?
-72363
What is -1010102000 (base 3) in base 2?
-101011010010111
1136 (base 14) to base 13
148b
What is 1232 (base 7) in base 5?
3324
-8a27 (base 14) to base 11
-16aa0
What is -10045 (base 6) in base 12?
-925
1145 (base 8) to base 16
265
Convert -11234 (base 5) to base 6.
-3443
Convert -63620 (base 8) to base 15.
-7cc7
148 (base 9) to base 8
175
Convert 32a (base 14) to base 10.
626
Convert 120020 (base 3) to base 14.
215
What is -7a0 (base 13) in base 5?
-20223
Convert 230 (base 4) to base 2.
101100
15bc (base 14) to base 7
14225
What is 30111 (base 4) in base 9?
1066
Convert -7a8 (base 11) to base 10.
-965
Convert -520044 (base 7) to base 9.
-144813
Convert 434100 (base 5) to base 16.
3a34
Convert 110000101001 (base 2) to base 12.
1975
Convert -1154 (base 8) to base 13.
-389
2130 (base 8) to base 11
921
Convert 104 (base 7) to base 6.
125
-530 (base 6) to base 13
-123
-185 (base 10) to base 2
-10111001
What is -100201 (base 4) in base 6?
-4521
What is -68d (base 16) in base 15?
-76c
777e (base 15) to base 6
313115
What is 73358 (base 9) in base 11?
3340a
Convert 38a4 (base 12) to base 2.
1100100111100
Convert -31312 (base 4) to base 12.
-61a
Convert c (base 14) to base 11.
11
Convert 110310 (base 4) to base 7.
3612
-2032323 (base 4) to base 16
-23bb
Convert 135 (base 6) to base 8.
73
What is 1000110100101 (base 2) in base 8?
10645
Convert 12011000 (base 4) to base 11.
17783
7021 (base 12) to base 3
121121221
What is 1213 (base 10) in base 3?
1122221
-fc2 (base 16) to base 8
-7702
-516 (base 7) to base 10
-258
Convert 5 (base 12) to base 14.
5
2587 (base 13) to base 3
21100011
Convert 212212 (base 5) to base 15.
21dc
Convert -20 (base 7) to base 14.
-10
-7ac8 (base 15) to base 7
-135662
What is -1605 (base 10) in base 7?
-4452
-2b2 (base 14) to base 8
-1044
Convert 330 (base 7) to base 3.
20020
What is -391 (base 11) in base 8?
-717
1a2 (base 11) to base 4
3221
What is -6b9 (base 13) in base 7?
-3254
What is -1387d (base 14) in base 9?
-73256
52027 (base 9) to base 13
127b7
Convert 1237 (base 13) to base 5.
40311
What is 335 (base 14) in base 9?
775
Convert -2024 (base 8) to base 9.
-1380
Convert 215220 (base 8) to base 12.
35a40
32221 (base 7) to base 2
1111101000010
-13f (base 16) to base 5
-2234
-25b9 (base 14) to base 10
-6631
What is 20d (base 14) in base 5?
3110
Convert -2055 (base 6) to base 2.
-111010011
What is 460c (base 15) in base 5?
433422
185a (base 11) to base 5
33424
Convert -1100202 (base 3) to base 10.
-992
Convert -110 (base 9) to base 7.
-156
Convert -d86 (base 14) to base 6.
-20202
Convert 738 (base 11) to base 14.
476
1010011111001 (base 2) to base 8
12371
Convert 212202 (base 4) to base 16.
9a2
What is -232021 (base 4) in base 11?
-2245
Convert -744 (base 9) to base 10.
-607
Convert 1061 (base 9) to base 8.
1420
316 (base 10) to base 9
381
What is -650 (base 7) in base 2?
-101001001
Convert -25 (base 6) to base 16.
-11
-5188 (base 14) to base 6
-144552
1429 (base 11) to base 15
831
3511 (base 9) to base 14
d3c
What is -110000100 (base 2) in base 4?
-12010
Convert -2776 (base 8) to base 2.
-10111111110
Convert -387 (base 10) to base 14.
-1d9
What is 11522 (base 10) in base 15?
3632
Convert -10010001010100 (base 2) to base 13.
-4305
What is -541 (base 7) in base 4?
-10102
6440 (base 7) to base 8
4352
What is 38a (base 16) in base 8?
1612
-11201 (base 3) to base 12
-a7
Convert -675 (base 9) to base 14.
-2b8
Convert -300 (base 